/4)/(r/(-24)) prime?
False
Suppose -7224203 - 3027871 = -98*i. Is i a composite number?
True
Let y(g) = -g + 1. Let l(a) = 178*a + 31. Let t(h) = l(h) - 3*y(h). Let o(x) = x**2 + 80*x + 520. Let m be o(-7). Is t(m) a prime number?
True
Let b(y) be the second derivative of -y**3/6 - 3*y. Let a(d) = -26*d - 20. Let c(l) = a(l) - 3*b(l). Is c(-17) composite?
True
Let x(u) = 7*u + 81. Let z be x(-10). Let d(a) = -a**2 + 7*a + 36. Let l be d(z). Is (18*l)/(-1) - (10 - 7) composite?
True
Let b = 412 - 277. Let s = b + 132. Is s composite?
True
Let b(n) = 2627*n - 172. Is b(3) a composite number?
True
Is 35792/(-20)*(-165)/12 prime?
False
Let w(h) = h**3 + 208*h**2 + 161*h + 2295. Is w(-202) a composite number?
True
Suppose 1239*o = 1235*o + 53492. Let b = o + -6124. Is b composite?
True
Suppose 6*a + 0 = 30. Let j be ((-10)/a)/12 - 7138/12. Let k = 1082 + j. Is k composite?
False
Let q be (56/(-12) - -5)/((-1)/10161). Let t = -5664 - -3950. Let m = t - q. Is m a prime number?
False
Suppose -8 = -h + t, 0 = -5*h - 2*t - t + 80. Suppose h - 1 = 4*f. Suppose -f*p = -2692 - 2801. Is p prime?
True
Let s(z) = 36396*z - 1487. Is s(13) a composite number?
True
Let z(c) = 607*c**2 - 21*c - 33. Suppose 2*x + 14 = 3*q, 0 = 28*q - 32*q + 8. Is z(x) composite?
True
Suppose -5*g - 3*p = 7, g - 4*p = 5 + 12. Suppose g + 9 = -10*l. Is l*(240 - -2)*4/(-8) prime?
False
Let u = -47822 - -27423. Let j = u - -44520. Is j a prime number?
True
Suppose 691*k - 677*k = 35782978. Is k prime?
False
Suppose 143*v - 23785674 = 7284079. Is v prime?
True
Is (-274)/(-3836) + -565634*74/(-56) a prime number?
False
Suppose i + 25710633 = 58*i + 60*i. Is i composite?
False
Let h = -173709 + 308708. Is h composite?
False
Let u be (-506)/44*(1 - 7). Let w = u + -63. Let l(q) = 1491*q + 5. Is l(w) composite?
False
Suppose 147*m = 160*m - 13. Let h(j) be the third derivative of 377*j**6/120 + j**4/24 - j**3/6 + 2*j**2. Is h(m) prime?
False
Suppose 3*p + 16 = 25. Is (-96858)/12*(-1 + p/9) prime?
True
Let b(u) = -33782*u - 2453. Is b(-5) prime?
True
Let u(j) = 7*j**3 + 11*j**2 - 7*j + 22. Suppose 0 = 123*s - 121*s - 18. Is u(s) a prime number?
True
Let l(n) = -n**3 - 32*n**2 + 92*n + 544. Is l(-37) composite?
True
Let i = 2738 + 145847. Is i a composite number?
True
Suppose 0 = 16*h - 18*h + 112804. Is h composite?
True
Suppose 6*j + 16 = -38. Let i be (-63)/j + 2 + -5. Is i + 0 + 1455/5 a prime number?
False
Let s = 5564 + -2943. Let h(r) = r**3 - 7*r**2 + 6*r - 30. Let k be h(7). Is 2/k*s - (-9)/54 a composite number?
True
Let j(z) = 14*z**3 - 63*z**2 + 157*z + 87. Let n(p) = 5*p**3 - 21*p**2 + 52*p + 29. Let d(x) = 6*j(x) - 17*n(x). Is d(-27) prime?
True
Suppose -i - 1 = s, s + 7 = 4*i - 14. Let f be ((-12)/(-8))/(1 - s/(-8)). Suppose -2*r + w = -3277, -5*r + w = -f*w - 8200. Is r prime?
True
Let k(f) = 253*f**2 - 5 + 0*f + 4*f - 2*f + 211*f**2. Is k(3) a prime number?
True
Suppose 0 = -5*b - 17*b + 706574. Is b a composite number?
False
Let y(j) = 1551*j**3 + 9*j**2 - 27*j + 17. Is y(4) composite?
False
Let n = 2671 - -39762. Is n composite?
False
Suppose s = 2*o - 7, 4*s - 2*o - 22 = -4*o. Suppose s*f + 11 = 14*f. Is -1822*(4/8 - f) composite?
False
Suppose 20*p + 49343 = 13*p. Let t = p - -15490. Is t a composite number?
True
Suppose 18*a = 23*a - 40. Let y be ((-1)/4)/(a/(-192)). Is (y - -497)/(0 - -1) a composite number?
False
Let j(u) = 15441*u - 298. Is j(5) prime?
True
Let x = 7 + -8. Let p(m) be the third derivative of -557*m**6/120 + m**5/60 - m**4/24 - m**3/3 - 3*m**2 - 9*m. Is p(x) a prime number?
True
Suppose 8*w + 910838 = 2*c + 7*w, -3*c + w = -1366255. Is c a composite number?
True
Is (-405060)/(-2) + 2983/157 a prime number?
True
Suppose -5*a - 13 = 3*m, 3*m - 2*a = -0*m - 20. Let d(v) = -v**3 - 4*v**2 - 18*v - 21. Is d(m) prime?
False
Let s = -124 - -220. Let h = 6912 + -6776. Is ((-254)/8)/((h/s)/(-17)) composite?
True
Suppose 6*j + 25 = 11*j. Let w be j*-3*5/((-100)/7044). Suppose -7*l + w = 2*l. Is l composite?
False
Suppose 345*n - 207240 = 334*n. Let u = n - 751. Is u composite?
False
Let m be ((-176)/(-132))/((-4)/(-4314)). Let l = m - -1501. Is l composite?
False
Is (28 - -50019)/(8/(-10) - 99/(-55)) a composite number?
False
Let d(w) = -1065*w - 11. Let y = 126 - 127. Let q be d(y). Suppose -6*h + 3*h - 4*k = -1621, -4*k = -2*h + q. Is h a prime number?
False
Let b(t) = t**3 - 5*t**2 - 8*t - 16. Let i be b(7). Let o(y) = -i + 12 + 130*y + 13. Is o(4) prime?
False
Let r(q) = q**2 - 3*q - 2. Let x be r(4). Suppose -10*l + 16 = -x*l. Suppose l*z = -2*z + 340. Is z prime?
False
Let r = 7 - 3. Let s(p) = 5. Let o(m) = m**2 + m - 4. Let v(n) = r*o(n) + 3*s(n). Is v(3) composite?
False
Let t = -622 - -875. Let q = -108 + t. Is q a composite number?
True
Suppose -378*g - 617055 = -393*g. Is g a composite number?
True
Suppose 6*c - 357 = 9*c. Let z = c + 109. Is 2835/25 + 4/z*1 a prime number?
True
Let b(l) = 2973*l**2 + 40*l - 17. Is b(4) a prime number?
True
Let i be (-10)/(-5) - 8*(-1 + -5800). Suppose i + 23933 = 7*m. Is m prime?
False
Suppose 78 - 13 = 13*q. Let l(i) = i**3 - 8*i**2 - 10*i + 11. Let o be l(9). Suppose -z = 4*c - 843, -q*c - 3353 = -4*z - o*c. Is z a prime number?
True
Suppose -3*m = 2*m + 35. Let v(k) be the third derivative of -19*k**4/24 - k**3/3 + 1293*k**2. Is v(m) prime?
True
Let x be -1 + (-8)/(-4) + 1. Let w be (-76164)/(-18) - (x/6 + -1). Suppose 2*y - 2810 = w. Is y a composite number?
True
Let a(w) = w**2 - 5*w + 760. Let f be a(0). Suppose 13*g + f - 4751 = 0. Is g a prime number?
True
Suppose 2*i = -r + 34206 + 57817, -2*r = -4*i - 184086. Is r a composite number?
False
Suppose 2*d = n + 14598 - 2511, -6040 = -d + 4*n. Let j be ((-83766)/4856)/((-1 - 0)/(-180)). Let a = d + j. Is a prime?
True
Let z(u) = 708*u**2 - 132*u - 947. Is z(-7) prime?
False
Let k(n) = n**2 + 10*n + 6605. Let t be k(0). Is -2*3/3 + t + 4 a composite number?
False
Let a = -108 - -110. Suppose -4*r - 201*z + 196*z + 125851 = 0, r + a*z - 31459 = 0. Is r prime?
True
Let j(v) = 29*v - 5. Suppose -s - 2*s + 12 = 0, 3*s = 4*g + 44. Let b(o) = 10*o - 2. Let m(r) = g*b(r) + 3*j(r). Is m(15) composite?
True
Is (-40)/5 - (-189597 + 0) prime?
False
Let z(y) = -571*y**3 - 2*y**2 - 38*y + 12. Is z(-7) prime?
True
Let a(i) = -7054*i + 1071. Is a(-3) composite?
True
Suppose -4*m + 5*a + 1034418 = 0, -5*m + 4*a - 173802 = -1466829. Is m a prime number?
True
Let z be ((-6)/60*2)/(2/(-10)). Is z*5036/12*3 composite?
False
Let n(c) = 519*c**2 - 16*c - 73. Is n(-6) composite?
True
Let v(u) = 5*u**2 + 9*u + 3. Let z be -7 - (-3 + 7)/(-1). Let r be (-2)/z*(-90)/(-10). Is v(r) a prime number?
False
Let m(j) = 2*j - 6. Let z be m(5). Suppose -5*w + 2330 = 3*c, 6*w = z*c + 4*w - 3150. Suppose -c = -8*k + 3*k. Is k a composite number?
False
Let x(n) = -13*n**3 - 8*n**2 + 4*n + 4. Let h = 89 - 94. Is x(h) a composite number?
False
Suppose -f = -3*q - 6*f + 763301, -2*q + 5*f + 508884 = 0. Is q composite?
False
Let i be (63/28)/(2/8). Suppose 8 = 5*m + 3*b, 4*m = -i*b + 5*b. Suppose 16 = -4*a - 0*a, -m*t + 1804 = 3*a. Is t composite?
True
Suppose 83*x + 48786 - 551688 - 529369 = 0. Is x a composite number?
False
Let g be (-36)/(-4)*(4 + -3) + -4. Is (-2)/(-3 + (-175464)/87726 + g) a composite number?
False
Let v = 1388 - 1373. Let u(q) be the second derivative of q**5/20 - 7*q**4/6 - q**3/2 - 23*q**2/2 + 3*q. Is u(v) prime?
True
Let g(t) = -52*t + 1. Let r be g(-2). Suppose 4*k + q = 1396, 44*q - 41*q = -2*k + 708. Let b = r + k. Is b a prime number?
False
Suppose 14*c - 9 - 5 = 0. Suppose 2*p + 12 = -p + x, -x = p + 4. Is p + 191*(c + 0) composite?
True
Suppose 0 = d - 5*d - 12. Let p(f) = 424*f - 45. Let g(z) = -212*z + 21. Let r(u) = -7*g(u) - 4*p(u). Is r(d) prime?
False
Let w(p) = -22*p + 5*p + 0 + 9. Let n be w(16). Let f = n - -3072. Is f a composite number?
True
Let h(n) = 3582*n**2 - 1308*n - 29. Is h(12) prime?
True
Let s(l) = l**3 - 65*l**2 - 69*l - 1348. Is s(73) a composite number?
True
Let d(s) = -2*s**2 + s. Let w(o) = -1969*o**2 - 4*o + 2. Let z(f) = -6*d(f) - w(f). Is z(-1) a prime number?
False
Let d(w) = 16*w + 10 - 4*w - 13*w - 3. Let k be d(3). Suppose -4*u = -g + 1971, 0 = 2*g + 2*g + k*u - 7964. Is g a prime number?
True
Suppose 4*j - l + 4*l = 4, -2*j = -5*l + 